 of 2550 and 68.
34
Calculate the greatest common factor of 136 and 85.
17
Calculate the highest common divisor of 4746 and 42.
42
What is the greatest common divisor of 38 and 2945?
19
What is the greatest common factor of 3 and 807?
3
Calculate the highest common factor of 8041 and 6149.
473
Calculate the highest common divisor of 27 and 882.
9
Calculate the greatest common divisor of 3638 and 5350.
214
What is the greatest common divisor of 903 and 6622?
301
What is the greatest common factor of 48 and 216?
24
Calculate the highest common factor of 1918 and 1096.
274
Calculate the greatest common divisor of 15 and 516.
3
Calculate the highest common factor of 667 and 92.
23
What is the greatest common factor of 1271 and 1107?
41
What is the highest common divisor of 308 and 8?
4
What is the greatest common divisor of 3034 and 41?
41
What is the greatest common divisor of 297 and 1408?
11
What is the greatest common factor of 92 and 414?
46
What is the highest common factor of 48 and 7248?
48
What is the greatest common divisor of 30 and 1470?
30
What is the highest common divisor of 69706 and 26?
26
What is the greatest common divisor of 3358 and 146?
146
Calculate the greatest common divisor of 244 and 4.
4
What is the greatest common factor of 87 and 58?
29
Calculate the highest common divisor of 18 and 27.
9
Calculate the highest common factor of 102 and 2074.
34
What is the highest common divisor of 70 and 56?
14
What is the highest common factor of 2975 and 1547?
119
Calculate the greatest common factor of 14 and 532.
14
Calculate the greatest common divisor of 24 and 34872.
24
What is the greatest common divisor of 513 and 63?
9
Calculate the highest common divisor of 1162 and 14.
14
What is the highest common factor of 56 and 64?
8
What is the highest common factor of 20 and 1940?
20
Calculate the highest common factor of 975 and 39.
39
Calculate the highest common factor of 10 and 22.
2
What is the highest common factor of 4 and 1060?
4
What is the greatest common factor of 13 and 1053?
13
What is the greatest common factor of 23 and 667?
23
Calculate the greatest common divisor of 27 and 3762.
9
What is the greatest common factor of 780 and 24?
12
What is the highest common divisor of 492 and 36?
12
Calculate the greatest common factor of 708 and 48.
12
What is the highest common factor of 11094 and 602?
86
Calculate the greatest common divisor of 429 and 416.
13
What is the greatest common factor of 2291 and 711?
79
What is the greatest common divisor of 9816 and 16?
8
What is the greatest common factor of 8 and 904?
8
What is the highest common divisor of 156 and 48?
12
Calculate the highest common factor of 1905 and 30.
15
What is the greatest common factor of 2958 and 29?
29
Calculate the greatest common factor of 611 and 13.
13
What is the highest common divisor of 125 and 75?
25
Calculate the greatest common factor of 105989 and 403.
403
Calculate the highest common factor of 2 and 254.
2
Calculate the highest common factor of 264 and 96.
24
Calculate the greatest common divisor of 8808 and 168.
24
What is the highest common factor of 1441 and 11?
11
Calculate the greatest common divisor of 3 and 75.
3
Calculate the highest common divisor of 3276 and 63.
63
Calculate the highest common divisor of 220 and 150.
10
Calculate the greatest common factor of 296 and 111.
37
Calculate the greatest common divisor of 143 and 13.
13
Calculate the greatest common factor of 138 and 46046.
46
Calculate the greatest common factor of 189 and 216.
27
What is the highest common divisor of 124 and 93?
31
Calculate the greatest common divisor of 86 and 1978.
86
What is the greatest common factor of 11 and 176?
11
Calculate the greatest common factor of 224 and 630.
14
What is the greatest common factor of 836 and 1606?
22
What is the highest common divisor of 1984 and 64?
64
What is the highest common divisor of 210 and 90?
30
What is the greatest common divisor of 6 and 32?
2
What is the greatest common divisor of 1691 and 19?
19
Calculate the greatest common factor of 6 and 3.
3
What is the highest common divisor of 3091 and 22?
11
Calculate the highest common divisor of 8085 and 70.
35
Calculate the greatest common divisor of 5083 and 34.
17
Calculate the highest common factor of 1357 and 46.
23
What is the greatest common factor of 8771 and 49?
49
Calculate the highest common divisor of 1178 and 38.
38
Calculate the highest common factor of 90 and 230.
10
What is the greatest common factor of 896 and 42?
14
What is the highest common factor of 713 and 23?
23
What is the greatest common divisor of 1116 and 24?
12
Calculate the highest common divisor of 2639 and 3857.
203
Calculate the highest common divisor of 135 and 10476.
27
Calculate the greatest common divisor of 304 and 38.
38
Calculate the highest common factor of 27651 and 39.
39
Calculate the highest common divisor of 3 and 29.
1
Calculate the greatest common divisor of 23 and 1219.
23
What is the greatest common divisor of 44 and 55?
11
What is the greatest common factor of 5 and 40?
5
Calculate the highest common factor of 3304 and 1736.
56
Calculate the greatest common divisor of 48 and 3.
3
Calculate the greatest common divisor of 153 and 17.
17
Calculate the highest common factor of 2568 and 72.
24
Calculate the greatest common divisor of 19 and 38.
19
What is the highest common divisor of 131 and 1?
1
Calculate the greatest common factor of 594 and 54.
54
Calculate the greatest common divisor of 69 and 5451.
69
What is the highest common factor of 11960 and 80?
40
What is the greatest common divisor of 2977 and 2061?
229
What is the greatest common factor of 871 and 13?
13
What is the highest common factor of 270 and 2130?
30
Calculate the greatest common factor of 4429 and 43.
43
Calculate the highest common factor of 2670 and 30.
30
Calculate the highest common factor of 3450 and 525.
75
Calculate the greatest common divisor of 8 and 20.
4
Calculate the greatest common factor of 133 and 190.
19
What is the greatest common divisor of 486 and 774?
18
What is the highest common divisor of 472 and 354?
118
What is the greatest common divisor of 10 and 490?
10
What is the greatest common factor of 77 and 8239?
77
Calculate the highest common factor of 16 and 2888.
8
Calculate the highest common divisor of 246 and 69.
3
Calculate the greatest common divisor of 95 and 57.
19
What is the greatest common factor of 253 and 46?
23
Calculate the highest common divisor of 212 and 318.
106
Calculate the greatest common divisor of 120 and 440.
40
Calculate the highest common factor of 2000 and 160.
80
Calculate the greatest common divisor of 29 and 1.
1
Calculate the highest common divisor of 361 and 76.
19
Calculate the greatest common divisor of 42 and 5999.
7
What is the greatest common divisor of 1298 and 22?
22
Calculate the greatest common divisor of 360 and 855.
45
What is the highest common factor of 216 and 120?
24
What is the greatest common factor of 105 and 6315?
15
What is the highest common factor of 13 and 299?
13
What is the highest common divisor of 31 and 682?
31
Calculate the highest common factor of 132 and 4092.
132
What is the highest common factor of 4088 and 8?
8
What is the greatest common divisor of 3954 and 24?
6
Calculate the greatest common divisor of 4305 and 70.
35
What is the greatest common divisor of 182 and 1391?
13
What is the highest common divisor of 47 and 94?
47
What is the greatest common factor of 18 and 26?
2
What is the highest common factor of 5245 and 5?
5
What is the greatest common factor of 17937 and 9?
9
What is the highest common factor of 1320 and 2552?
88
What is the greatest common factor of 130 and 670?
10
What is the greatest common divisor of 492 and 11070?
246
Calculate the greatest common divisor of 72 and 83016.
72
What is the greatest common divisor of 20 and 1?
1
Calculate the greatest common divisor of 10 and 290.
10
What is the greatest common divisor of 108 and 1593?
27
What is the highest common factor of 1742 and 134?
134
Calculate the highest common factor of 22 and 154.
22
What is the highest common divisor of 95 and 2261?
19
What is the greatest common factor of 341 and 11?
11
Calculate the greatest common factor of 